{"id":55,"date":"2014-09-26T18:38:30","date_gmt":"2014-09-26T18:38:30","guid":{"rendered":"http:\/\/musikprojektsachsen.de\/wordpress\/?page_id=55"},"modified":"2024-09-23T18:58:24","modified_gmt":"2024-09-23T18:58:24","slug":"neue-musik-fuer-streichquartett","status":"publish","type":"page","link":"https:\/\/musikprojektsachsen.de\/?page_id=55","title":{"rendered":"Neue Musik f\u00fcr Streichquartett 2012"},"content":{"rendered":"\n<p><strong>Konzerte:<\/strong><br>29.09.12, 19.00 Uhr, Club Ebene 1, Schifferstadt<br>12.10.12, 20.00 Uhr, Mendelssohn-Haus, Leipzig<br>13.10.12, 17.00 Uhr, Heinrich-Sch\u00fctz-Konservatorium Dresden<br>30.09.12, 20:00 Uhr, Haus Ars Musica, Aub<br>01.10.12, 20:00 Uhr, tanzspeicher, W\u00fcrzburg<\/p>\n\n\n\n<p><strong>Programm:<\/strong><\/p>\n\n\n\n<p>Stephan Adam &#8211; Streichquartett (1997)<br>Hubert Hoche &#8211; 110 (1999) f\u00fcr Streichquartett<br>Christian FP Kram &#8211; aphoristisch (2012) Urauff\u00fchrung<br>Steffen Reinhold &#8211; <a href=\"https:\/\/steffenreinhold.de\/komposition\/variationen-2\/\">Variationen<\/a><sup>2&nbsp;&nbsp;<\/sup>(2011) f\u00fcr Streichquartett<\/p>\n\n\n\n<div class=\"wp-block-columns is-layout-flex wp-container-core-columns-layout-1 wp-block-columns-is-layout-flex\">\n<div class=\"wp-block-column is-layout-flow wp-block-column-is-layout-flow\">\n<figure class=\"wp-block-image size-full is-resized\"><a href=\"https:\/\/musikprojektsachsen.de\/wp-content\/uploads\/2014\/10\/aurelia1.jpg\"><img loading=\"lazy\" decoding=\"async\" width=\"450\" height=\"300\" src=\"https:\/\/musikprojektsachsen.de\/wp-content\/uploads\/2014\/10\/aurelia1.jpg\" alt=\"\" class=\"wp-image-176\" style=\"width:350px;height:auto\" srcset=\"https:\/\/musikprojektsachsen.de\/wp-content\/uploads\/2014\/10\/aurelia1.jpg 450w, https:\/\/musikprojektsachsen.de\/wp-content\/uploads\/2014\/10\/aurelia1-300x200.jpg 300w, https:\/\/musikprojektsachsen.de\/wp-content\/uploads\/2014\/10\/aurelia1-272x182.jpg 272w\" sizes=\"(max-width: 450px) 100vw, 450px\" \/><\/a><\/figure>\n<\/div>\n\n\n\n<div class=\"wp-block-column is-layout-flow wp-block-column-is-layout-flow\">\n<p><strong>Aurelia Quartett<\/strong><\/p>\n\n\n\n<p>Astrid Sch\u00fctte &#8211; Violine<br>Jeannina Guti\u00e9rrez &#8211; Violine<br>Christiane Freywald &#8211; Viola<br>Markus L\u00f6bling &#8211; Violoncello<\/p>\n<\/div>\n<\/div>\n\n\n\n<p>Die Konzerte fanden in Kooperation mit \u201eflammabis e. V.\u201c W\u00fcrzburg\/Helmstadt, dem Club Ebene 1 Schifferstadt und dem Heinrich-Sch\u00fctz-Konservatorium Dresden statt. Sie wurden gef\u00f6rdert durch die Kulturstiftung des Freistaates Sachsen, das Kulturamt der Stadt Leipzig, den F\u00f6rderungs- und Hilfsfonds des Deutschen Komponistenverbandes und den Club Ebene 1, Schifferstadt.<\/p>\n","protected":false},"excerpt":{"rendered":"<p>Konzerte:29.09.12, 19.00 Uhr, Club Ebene 1, Schifferstadt12.10.12, 20.00 Uhr, Mendelssohn-Haus, Leipzig13.10.12, 17.00 Uhr, Heinrich-Sch\u00fctz-Konservatorium Dresden30.09.12, 20:00 Uhr, Haus Ars Musica, Aub01.10.12, 20:00 Uhr, tanzspeicher, W\u00fcrzburg Programm: Stephan Adam &#8211; Streichquartett (1997)Hubert Hoche &#8211; 110 (1999) f\u00fcr StreichquartettChristian FP Kram &#8211; aphoristisch (2012) Urauff\u00fchrungSteffen Reinhold &#8211; Variationen2&nbsp;&nbsp;(2011) f\u00fcr Streichquartett Aurelia Quartett Astrid Sch\u00fctte &#8211; ViolineJeannina Guti\u00e9rrez [&hellip;]<\/p>\n","protected":false},"author":1,"featured_media":0,"parent":658,"menu_order":2,"comment_status":"closed","ping_status":"closed","template":"","meta":{"footnotes":""},"_links":{"self":[{"href":"https:\/\/musikprojektsachsen.de\/index.php?rest_route=\/wp\/v2\/pages\/55"}],"collection":[{"href":"https:\/\/musikprojektsachsen.de\/index.php?rest_route=\/wp\/v2\/pages"}],"about":[{"href":"https:\/\/musikprojektsachsen.de\/index.php?rest_route=\/wp\/v2\/types\/page"}],"author":[{"embeddable":true,"href":"https:\/\/musikprojektsachsen.de\/index.php?rest_route=\/wp\/v2\/users\/1"}],"replies":[{"embeddable":true,"href":"https:\/\/musikprojektsachsen.de\/index.php?rest_route=%2Fwp%2Fv2%2Fcomments&post=55"}],"version-history":[{"count":9,"href":"https:\/\/musikprojektsachsen.de\/index.php?rest_route=\/wp\/v2\/pages\/55\/revisions"}],"predecessor-version":[{"id":750,"href":"https:\/\/musikprojektsachsen.de\/index.php?rest_route=\/wp\/v2\/pages\/55\/revisions\/750"}],"up":[{"embeddable":true,"href":"https:\/\/musikprojektsachsen.de\/index.php?rest_route=\/wp\/v2\/pages\/658"}],"wp:attachment":[{"href":"https:\/\/musikprojektsachsen.de\/index.php?rest_route=%2Fwp%2Fv2%2Fmedia&parent=55"}],"curies":[{"name":"wp","href":"https:\/\/api.w.org\/{rel}","templated":true}]}}