{"id":317,"date":"2015-08-26T17:58:13","date_gmt":"2015-08-26T17:58:13","guid":{"rendered":"http:\/\/musikprojektsachsen.de\/wordpress\/?page_id=317"},"modified":"2025-03-23T16:55:57","modified_gmt":"2025-03-23T16:55:57","slug":"das-auge-hoert-mit-synaesthesie-im-21-jahrhundert","status":"publish","type":"page","link":"https:\/\/musikprojektsachsen.de\/?page_id=317","title":{"rendered":"Das Auge h\u00f6rt mit &#8211; Syn\u00e4sthesie im 21. Jahrhundert (2015)"},"content":{"rendered":"<p><a href=\"https:\/\/musikprojektsachsen.de\/wp-content\/uploads\/2015\/08\/das_auge_hoert_mit.jpg\"><img loading=\"lazy\" decoding=\"async\" class=\"aligncenter wp-image-321 size-medium\" src=\"https:\/\/musikprojektsachsen.de\/wp-content\/uploads\/2015\/08\/das_auge_hoert_mit-215x300.jpg\" alt=\"das_auge_hoert_mit\" width=\"215\" height=\"300\" srcset=\"https:\/\/musikprojektsachsen.de\/wp-content\/uploads\/2015\/08\/das_auge_hoert_mit-215x300.jpg 215w, https:\/\/musikprojektsachsen.de\/wp-content\/uploads\/2015\/08\/das_auge_hoert_mit.jpg 502w\" sizes=\"(max-width: 215px) 100vw, 215px\" \/><\/a><\/p>\n<p><strong>Ein Musik-Kunst-Projekt in Ann\u00e4herung an Alexander Skrjabin<\/strong><\/p>\n<p>Den 100. Todestag des Komponisten Alexander Skrjabin nahmen Leipziger Komponisten und bildende K\u00fcnstlerinnen und K\u00fcnstler zum Anlass, sich in einem gemeinsamen Projekt mit dem Werk Skrjabins auseinandersetzen. Besondere Aufmerksamkeit schenken sie der Ton-Farb-Syn\u00e4sthesie, die in Skrjabins Sp\u00e4twerk eine zentrale Rolle spielte: Mit Instrumentalkl\u00e4ngen verbinden sich in der Wahrnehmung des H\u00f6rers ganz konkrete Farben.<\/p>\n<p>Im Rahmen dieses Begegnungsprojekts zwischen Kunst und Komposition, Hochdruck und Tondichtung entstanden zeitgen\u00f6ssische Druckgrafiken und neue Kompositionen f\u00fcr Klavier und Kammerensemble, die sich vom Werk des russischen Ausnahmek\u00fcnstlers inspirieren lie\u00dfen und sich ihm auf je eigene Weise ann\u00e4hern. In einer Ausstellung und zwei Konzerten wurden die Ergebnisse pr\u00e4sentiert und der Musik Skrjabins gegen\u00fcbergestellt.<\/p>\n<p>Die Vernissage und das erste Konzert fanden am 30. Oktober 2015 in der Galerie Hoch+Partner statt. Es spielten die Pianisten Alexander Meinel und Igor Grysgyn.<br \/>\nIm Mittelpunkt des zweiten Konzerts am Freitag, 27. November, standen Kammermusikst\u00fccke, interpretiert vom Ensemble El Perro Andaluz.<\/p>\n<p>Die Ausstellung konnte im Anschluss an die Vernissage noch bis einschlie\u00dflich 9. Januar 2016 besucht werden.<\/p>\n<p>Die eigens f\u00fcr das Projekt angefertigte Kunst-Mappe mit Druckgrafiken und handschriftlichen Ausz\u00fcgen aus den Kompositionen der beteiligten K\u00fcnstlerinnen und K\u00fcnstler k\u00f6nnen \u00fcber die Galerie erworben werden.<\/p>\n<div id=\"metaslider-id-344\" style=\"max-width: 300px; margin: 0 auto;\" class=\"ml-slider-3-108-0 metaslider metaslider-flex metaslider-344 ml-slider ms-theme-default nav-hidden\" role=\"region\" aria-label=\"Auge2015b\" data-height=\"400\" data-width=\"300\">\n    <div id=\"metaslider_container_344\">\n        <div id=\"metaslider_344\" class=\"flexslider\">\n            <ul class='slides'>\n                <li style=\"display: block; width: 100%;\" class=\"slide-343 ms-image \" aria-roledescription=\"slide\" data-date=\"2015-10-20 16:43:09\" data-filename=\"Gudrun-Petersdorff-__zu-A.-Skrjabin-SonateFis-DurFarbholzschnit-300x400.jpg\" data-slide-type=\"image\"><img loading=\"lazy\" decoding=\"async\" src=\"https:\/\/musikprojektsachsen.de\/wp-content\/uploads\/2015\/10\/Gudrun-Petersdorff-__zu-A.-Skrjabin-SonateFis-DurFarbholzschnit-300x400.jpg\" height=\"400\" width=\"300\" alt=\"\" class=\"slider-344 slide-343 msDefaultImage\" \/><\/li>\n                <li style=\"display: none; width: 100%;\" class=\"slide-342 ms-image \" aria-roledescription=\"slide\" data-date=\"2015-10-20 16:38:54\" data-filename=\"Susanne-Werdin_zu-A.-Skrjabin-op.-53-Takt-47-ff.-IV-Farbholzschnitt-50-x-40-2015-300x400.jpg\" data-slide-type=\"image\"><img loading=\"lazy\" decoding=\"async\" src=\"https:\/\/musikprojektsachsen.de\/wp-content\/uploads\/2015\/10\/Susanne-Werdin_zu-A.-Skrjabin-op.-53-Takt-47-ff.-IV-Farbholzschnitt-50-x-40-2015-300x400.jpg\" height=\"400\" width=\"300\" alt=\"\" class=\"slider-344 slide-342 msDefaultImage\" \/><\/li>\n                <li style=\"display: none; width: 100%;\" class=\"slide-341 ms-image \" aria-roledescription=\"slide\" data-date=\"2015-10-20 16:38:45\" data-filename=\"Susanne-Werdin_zu-A.-Skrjabin-op.-53-Takt-47-ff.-III-Farbholzschnitt-50-x-40-2015-300x400.jpg\" data-slide-type=\"image\"><img loading=\"lazy\" decoding=\"async\" src=\"https:\/\/musikprojektsachsen.de\/wp-content\/uploads\/2015\/10\/Susanne-Werdin_zu-A.-Skrjabin-op.-53-Takt-47-ff.-III-Farbholzschnitt-50-x-40-2015-300x400.jpg\" height=\"400\" width=\"300\" alt=\"\" class=\"slider-344 slide-341 msDefaultImage\" \/><\/li>\n                <li style=\"display: none; width: 100%;\" class=\"slide-340 ms-image \" aria-roledescription=\"slide\" data-date=\"2015-10-20 16:38:37\" data-filename=\"Susanne-Werdin_zu-A.-Skrjabin-op.-53-Takt-47-ff.-I-Farbholzschnitt-50-x-40-2015-300x400.jpg\" data-slide-type=\"image\"><img loading=\"lazy\" decoding=\"async\" src=\"https:\/\/musikprojektsachsen.de\/wp-content\/uploads\/2015\/10\/Susanne-Werdin_zu-A.-Skrjabin-op.-53-Takt-47-ff.-I-Farbholzschnitt-50-x-40-2015-300x400.jpg\" height=\"400\" width=\"300\" alt=\"\" class=\"slider-344 slide-340 msDefaultImage\" \/><\/li>\n            <\/ul>\n        <\/div>\n        \n    <\/div>\n<\/div>\n<p><strong>Konzert 1\/Vernissage am 30.10.2015<\/strong><br \/>\n<strong>Ort: <a href=\"https:\/\/hochdruckpartner.com\/galerie\/ausstellungsarchiv\/\">Galerie Hoch+Partner<\/a><\/strong> (L\u00fctzner Stra\u00dfe 85, 04177 Leipzig)<\/p>\n<p><strong>19.00 Uhr Konzert<\/strong> mit den Pianisten Alexander Meinel und <a href=\"https:\/\/gryshyn.de\/\">Igor Gryshyn<\/a><\/p>\n<p>Alexander Skrjabin: Sonaten Nr. 4 Fis-Dur op. 30 und Nr. 9 op. 68, Walzer As-Dur op. 38<br \/>\nChristian FP Kram: 2 Po\u00e8mes f\u00fcr Klavier (2015) Urauff\u00fchrung<br \/>\nStefan Lienenk\u00e4mper:\u00a0F\u00fcnf Studien \u00fcber den mystischen Akkord (2015) Urauff\u00fchrung<br \/>\nPeter Nelson: The Perils of Yellow (2015) Urauff\u00fchrung<\/p>\n<p><strong>20.30 Uhr Vernissage<\/strong><br \/>\nDruckgrafiken von Harald Alff, Susann Hoch, Akos Novaky, Stephanie Marx, Knut M\u00fcller, Gudrun Petersdorff, Gabriele Sperlich und Susanne Werdin<\/p>\n<p><strong>Konzert 2\/Midissage am 27.11.2015, 19.30 Uhr<\/strong><br \/>\n<strong>Ort: Galerie Hoch+Partner<\/strong> (L\u00fctzner Stra\u00dfe 85, 04177 Leipzig)<br \/>\nEnsemble El Perro Andaluz, Leitung: Matthew Lynch<\/p>\n<p>Christian FP Kram: Instrumentation von Alexander Skrjabins 5 \u201ePr\u00e9ludes\u201c op. 74 und der 3 Morceaux op. 45<br \/>\nChristian FP Kram: \u201eFarben\u201c f\u00fcr Ensemble (2015) Urauff\u00fchrung<br \/>\nKnut M\u00fcller: \u201eUnbound\u201c (2015) Urauff\u00fchrung<br \/>\nSteffen Reinhold: \u201e<a href=\"https:\/\/steffenreinhold.de\/komposition\/blauer-baldachin\/\">Blauer Baldachin<\/a> \u2013 Ann\u00e4herung an A. Skrjabin\u201c (2015) Urauff\u00fchrung<\/p>\n<p>Das Projekt wurde gef\u00f6rdert durch: Kulturstiftung Sachsen, Stadt Leipzig, F\u00f6rderungs-und Hilfsfonds des Deutschen Komponistenverbandes, Sparkasse Leipzig<\/p>\n","protected":false},"excerpt":{"rendered":"<p>Ein Musik-Kunst-Projekt in Ann\u00e4herung an Alexander Skrjabin Den 100. Todestag des Komponisten Alexander Skrjabin nahmen Leipziger Komponisten und bildende K\u00fcnstlerinnen und K\u00fcnstler zum Anlass, sich in einem gemeinsamen Projekt mit dem Werk Skrjabins auseinandersetzen. Besondere Aufmerksamkeit schenken sie der Ton-Farb-Syn\u00e4sthesie, die in Skrjabins Sp\u00e4twerk eine zentrale Rolle spielte: Mit Instrumentalkl\u00e4ngen verbinden sich in der Wahrnehmung [&hellip;]<\/p>\n","protected":false},"author":1,"featured_media":0,"parent":658,"menu_order":0,"comment_status":"closed","ping_status":"closed","template":"","meta":{"footnotes":""},"_links":{"self":[{"href":"https:\/\/musikprojektsachsen.de\/index.php?rest_route=\/wp\/v2\/pages\/317"}],"collection":[{"href":"https:\/\/musikprojektsachsen.de\/index.php?rest_route=\/wp\/v2\/pages"}],"about":[{"href":"https:\/\/musikprojektsachsen.de\/index.php?rest_route=\/wp\/v2\/types\/page"}],"author":[{"embeddable":true,"href":"https:\/\/musikprojektsachsen.de\/index.php?rest_route=\/wp\/v2\/users\/1"}],"replies":[{"embeddable":true,"href":"https:\/\/musikprojektsachsen.de\/index.php?rest_route=%2Fwp%2Fv2%2Fcomments&post=317"}],"version-history":[{"count":19,"href":"https:\/\/musikprojektsachsen.de\/index.php?rest_route=\/wp\/v2\/pages\/317\/revisions"}],"predecessor-version":[{"id":841,"href":"https:\/\/musikprojektsachsen.de\/index.php?rest_route=\/wp\/v2\/pages\/317\/revisions\/841"}],"up":[{"embeddable":true,"href":"https:\/\/musikprojektsachsen.de\/index.php?rest_route=\/wp\/v2\/pages\/658"}],"wp:attachment":[{"href":"https:\/\/musikprojektsachsen.de\/index.php?rest_route=%2Fwp%2Fv2%2Fmedia&parent=317"}],"curies":[{"name":"wp","href":"https:\/\/api.w.org\/{rel}","templated":true}]}}

Das Auge hört mit &#8211; Synästhesie im 21. Jahrhundert (2015)

<p><a href="https://musikprojektsachsen.de/wp-content/uploads/2015/08/das_auge_hoert_mit.jpg"><img loading="lazy" decoding="async" class="aligncenter wp-image-321 size-medium" src="https://musikprojektsachsen.de/wp-content/uploads/2015/08/das_auge_hoert_mit-215x300.jpg" alt="das_auge_hoert_mit" width="215" height="300" srcset="https://musikprojektsachsen.de/wp-content/uploads/2015/08/das_auge_hoert_mit-215x300.jpg 215w, https://musikprojektsachsen.de/wp-content/uploads/2015/08/das_auge_hoert_mit.jpg 502w" sizes="(max-width: 215px) 100vw, 215px" /></a></p>
<p><strong>Ein Musik-Kunst-Projekt in Annäherung an Alexander Skrjabin</strong></p>
<p>Den 100. Todestag des Komponisten Alexander Skrjabin nahmen Leipziger Komponisten und bildende Künstlerinnen und Künstler zum Anlass, sich in einem gemeinsamen Projekt mit dem Werk Skrjabins auseinandersetzen. Besondere Aufmerksamkeit schenken sie der Ton-Farb-Synästhesie, die in Skrjabins Spätwerk eine zentrale Rolle spielte: Mit Instrumentalklängen verbinden sich in der Wahrnehmung des Hörers ganz konkrete Farben.</p>
<p>Im Rahmen dieses Begegnungsprojekts zwischen Kunst und Komposition, Hochdruck und Tondichtung entstanden zeitgenössische Druckgrafiken und neue Kompositionen für Klavier und Kammerensemble, die sich vom Werk des russischen Ausnahmekünstlers inspirieren ließen und sich ihm auf je eigene Weise annähern. In einer Ausstellung und zwei Konzerten wurden die Ergebnisse präsentiert und der Musik Skrjabins gegenübergestellt.</p>
<p>Die Vernissage und das erste Konzert fanden am 30. Oktober 2015 in der Galerie Hoch+Partner statt. Es spielten die Pianisten Alexander Meinel und Igor Grysgyn.<br />
Im Mittelpunkt des zweiten Konzerts am Freitag, 27. November, standen Kammermusikstücke, interpretiert vom Ensemble El Perro Andaluz.</p>
<p>Die Ausstellung konnte im Anschluss an die Vernissage noch bis einschließlich 9. Januar 2016 besucht werden.</p>
<p>Die eigens für das Projekt angefertigte Kunst-Mappe mit Druckgrafiken und handschriftlichen Auszügen aus den Kompositionen der beteiligten Künstlerinnen und Künstler können über die Galerie erworben werden.</p>
<div id="metaslider-id-344" style="max-width: 300px; margin: 0 auto;" class="ml-slider-3-108-0 metaslider metaslider-flex metaslider-344 ml-slider ms-theme-default nav-hidden" role="region" aria-label="Auge2015b" data-height="400" data-width="300">
    <div id="metaslider_container_344">
        <div id="metaslider_344" class="flexslider">
            <ul class='slides'>
                <li style="display: block; width: 100%;" class="slide-343 ms-image " aria-roledescription="slide" data-date="2015-10-20 16:43:09" data-filename="Gudrun-Petersdorff-__zu-A.-Skrjabin-SonateFis-DurFarbholzschnit-300x400.jpg" data-slide-type="image"><img loading="lazy" decoding="async" src="https://musikprojektsachsen.de/wp-content/uploads/2015/10/Gudrun-Petersdorff-__zu-A.-Skrjabin-SonateFis-DurFarbholzschnit-300x400.jpg" height="400" width="300" alt="" class="slider-344 slide-343 msDefaultImage" /></li>
                <li style="display: none; width: 100%;" class="slide-342 ms-image " aria-roledescription="slide" data-date="2015-10-20 16:38:54" data-filename="Susanne-Werdin_zu-A.-Skrjabin-op.-53-Takt-47-ff.-IV-Farbholzschnitt-50-x-40-2015-300x400.jpg" data-slide-type="image"><img loading="lazy" decoding="async" src="https://musikprojektsachsen.de/wp-content/uploads/2015/10/Susanne-Werdin_zu-A.-Skrjabin-op.-53-Takt-47-ff.-IV-Farbholzschnitt-50-x-40-2015-300x400.jpg" height="400" width="300" alt="" class="slider-344 slide-342 msDefaultImage" /></li>
                <li style="display: none; width: 100%;" class="slide-341 ms-image " aria-roledescription="slide" data-date="2015-10-20 16:38:45" data-filename="Susanne-Werdin_zu-A.-Skrjabin-op.-53-Takt-47-ff.-III-Farbholzschnitt-50-x-40-2015-300x400.jpg" data-slide-type="image"><img loading="lazy" decoding="async" src="https://musikprojektsachsen.de/wp-content/uploads/2015/10/Susanne-Werdin_zu-A.-Skrjabin-op.-53-Takt-47-ff.-III-Farbholzschnitt-50-x-40-2015-300x400.jpg" height="400" width="300" alt="" class="slider-344 slide-341 msDefaultImage" /></li>
                <li style="display: none; width: 100%;" class="slide-340 ms-image " aria-roledescription="slide" data-date="2015-10-20 16:38:37" data-filename="Susanne-Werdin_zu-A.-Skrjabin-op.-53-Takt-47-ff.-I-Farbholzschnitt-50-x-40-2015-300x400.jpg" data-slide-type="image"><img loading="lazy" decoding="async" src="https://musikprojektsachsen.de/wp-content/uploads/2015/10/Susanne-Werdin_zu-A.-Skrjabin-op.-53-Takt-47-ff.-I-Farbholzschnitt-50-x-40-2015-300x400.jpg" height="400" width="300" alt="" class="slider-344 slide-340 msDefaultImage" /></li>
            </ul>
        </div>
        
    </div>
</div>
<p><strong>Konzert 1/Vernissage am 30.10.2015</strong><br />
<strong>Ort: <a href="https://hochdruckpartner.com/galerie/ausstellungsarchiv/">Galerie Hoch+Partner</a></strong> (Lützner Straße 85, 04177 Leipzig)</p>
<p><strong>19.00 Uhr Konzert</strong> mit den Pianisten Alexander Meinel und <a href="https://gryshyn.de/">Igor Gryshyn</a></p>
<p>Alexander Skrjabin: Sonaten Nr. 4 Fis-Dur op. 30 und Nr. 9 op. 68, Walzer As-Dur op. 38<br />
Christian FP Kram: 2 Poèmes für Klavier (2015) Uraufführung<br />
Stefan Lienenkämper: Fünf Studien über den mystischen Akkord (2015) Uraufführung<br />
Peter Nelson: The Perils of Yellow (2015) Uraufführung</p>
<p><strong>20.30 Uhr Vernissage</strong><br />
Druckgrafiken von Harald Alff, Susann Hoch, Akos Novaky, Stephanie Marx, Knut Müller, Gudrun Petersdorff, Gabriele Sperlich und Susanne Werdin</p>
<p><strong>Konzert 2/Midissage am 27.11.2015, 19.30 Uhr</strong><br />
<strong>Ort: Galerie Hoch+Partner</strong> (Lützner Straße 85, 04177 Leipzig)<br />
Ensemble El Perro Andaluz, Leitung: Matthew Lynch</p>
<p>Christian FP Kram: Instrumentation von Alexander Skrjabins 5 „Préludes“ op. 74 und der 3 Morceaux op. 45<br />
Christian FP Kram: „Farben“ für Ensemble (2015) Uraufführung<br />
Knut Müller: „Unbound“ (2015) Uraufführung<br />
Steffen Reinhold: „<a href="https://steffenreinhold.de/komposition/blauer-baldachin/">Blauer Baldachin</a> – Annäherung an A. Skrjabin“ (2015) Uraufführung</p>
<p>Das Projekt wurde gefördert durch: Kulturstiftung Sachsen, Stadt Leipzig, Förderungs-und Hilfsfonds des Deutschen Komponistenverbandes, Sparkasse Leipzig</p>

<p>Ein Musik-Kunst-Projekt in Annäherung an Alexander Skrjabin Den 100. Todestag des Komponisten Alexander Skrjabin nahmen Leipziger Komponisten und bildende Künstlerinnen und Künstler zum Anlass, sich in einem gemeinsamen Projekt mit dem Werk Skrjabins auseinandersetzen. Besondere Aufmerksamkeit schenken sie der Ton-Farb-Synästhesie, die in Skrjabins Spätwerk eine zentrale Rolle spielte: Mit Instrumentalklängen verbinden sich in der Wahrnehmung [&hellip;]</p>
