{"id":118,"date":"2014-09-29T18:38:31","date_gmt":"2014-09-29T18:38:31","guid":{"rendered":"http:\/\/musikprojektsachsen.de\/wordpress\/?page_id=118"},"modified":"2024-10-10T19:02:10","modified_gmt":"2024-10-10T19:02:10","slug":"spinnerei-iii-2004","status":"publish","type":"page","link":"https:\/\/musikprojektsachsen.de\/?page_id=118","title":{"rendered":"Spinnerei III 2004"},"content":{"rendered":"\n<figure class=\"wp-block-image size-full\"><a href=\"https:\/\/musikprojektsachsen.de\/wp-content\/uploads\/2014\/10\/spin.gif\"><img loading=\"lazy\" decoding=\"async\" width=\"450\" height=\"320\" src=\"https:\/\/musikprojektsachsen.de\/wp-content\/uploads\/2014\/10\/spin.gif\" alt=\"\" class=\"wp-image-250\"\/><\/a><\/figure>\n\n\n\n<p>Die Konzertveranstaltungen im dritten \u201cSpinnerei\u201c-Festival verbanden Musik verschiedener Couleur. So standen Werke junger s\u00e4chsischer Komponisten ebenso auf dem Programm, wie Werke von international etablierten Vertretern der zeitgen\u00f6ssischen Musik.<\/p>\n\n\n\n<p>Die Er\u00f6ffnungsveranstaltung am Fr <strong>15.10.04 <\/strong>fand in Kooperation mit dem S\u00e4chsischen Musikrat statt. Das Gro\u00dfprojekt <strong>\u201eMusik als Bauelement f\u00fcr ein geeintes Europa\u201c<\/strong> verband Ausdrucksformen aus Musik, Szene, Tanz und Medien. Die Produktion wurde im Oktober 2004 uraufgef\u00fchrt und kurz darauf im Rahmen unseres Festivals wiederholt.<\/p>\n\n\n\n<p>Das zweite Konzert am Sa <strong>16.10.04 <\/strong>trug den Titel <strong>\u201eNeues Lied \u2014 Der Tod und das M\u00e4rchen\u201c<\/strong>. Die Liedzyklen von Wolfgang Rihm, Rudi Spring, Wilfried Hiller, Steffen Reinhold und Christian FP Kram kreisten um m\u00e4rchenhaft-skurrile, ironische Themen, oft in Beziehung mit dem Thema Tod.<\/p>\n\n\n\n<p>Das Nachtkonzert am Sa <strong>16.10.04 <\/strong>war ein <strong>Crossover-Projekt<\/strong>: Musik zwischen Improvisation und Komposition, zwischen Neuer Musik und Jazz.<\/p>\n\n\n\n<p>Das Konzert am So <strong>17.10.04 <\/strong>trug den Titel <strong>\u201eZwischen klassischer Moderne und Postmoderne\u201c<\/strong>. Das Klavierduo \u201eArs synerga\u201c stellte Werke der klassischen Moderne von Poulenc und Lutoslawski neueren Kompositionen von Anne-Kathrin Wagler, Christian FP Kram, sowie einer Urauff\u00fchrung von Carsten Hennig gegen\u00fcber.<\/p>\n\n\n\n<p><a href=\"https:\/\/musikprojektsachsen.de\/wp-content\/uploads\/2024\/10\/Spinnerei-III_Rueckschau.pdf\">R\u00fcckblick auf das Festival<\/a><\/p>\n","protected":false},"excerpt":{"rendered":"<p>Die Konzertveranstaltungen im dritten \u201cSpinnerei\u201c-Festival verbanden Musik verschiedener Couleur. So standen Werke junger s\u00e4chsischer Komponisten ebenso auf dem Programm, wie Werke von international etablierten Vertretern der zeitgen\u00f6ssischen Musik. Die Er\u00f6ffnungsveranstaltung am Fr 15.10.04 fand in Kooperation mit dem S\u00e4chsischen Musikrat statt. Das Gro\u00dfprojekt \u201eMusik als Bauelement f\u00fcr ein geeintes Europa\u201c verband Ausdrucksformen aus Musik, Szene, [&hellip;]<\/p>\n","protected":false},"author":1,"featured_media":0,"parent":658,"menu_order":30,"comment_status":"closed","ping_status":"closed","template":"","meta":{"footnotes":""},"_links":{"self":[{"href":"https:\/\/musikprojektsachsen.de\/index.php?rest_route=\/wp\/v2\/pages\/118"}],"collection":[{"href":"https:\/\/musikprojektsachsen.de\/index.php?rest_route=\/wp\/v2\/pages"}],"about":[{"href":"https:\/\/musikprojektsachsen.de\/index.php?rest_route=\/wp\/v2\/types\/page"}],"author":[{"embeddable":true,"href":"https:\/\/musikprojektsachsen.de\/index.php?rest_route=\/wp\/v2\/users\/1"}],"replies":[{"embeddable":true,"href":"https:\/\/musikprojektsachsen.de\/index.php?rest_route=%2Fwp%2Fv2%2Fcomments&post=118"}],"version-history":[{"count":3,"href":"https:\/\/musikprojektsachsen.de\/index.php?rest_route=\/wp\/v2\/pages\/118\/revisions"}],"predecessor-version":[{"id":813,"href":"https:\/\/musikprojektsachsen.de\/index.php?rest_route=\/wp\/v2\/pages\/118\/revisions\/813"}],"up":[{"embeddable":true,"href":"https:\/\/musikprojektsachsen.de\/index.php?rest_route=\/wp\/v2\/pages\/658"}],"wp:attachment":[{"href":"https:\/\/musikprojektsachsen.de\/index.php?rest_route=%2Fwp%2Fv2%2Fmedia&parent=118"}],"curies":[{"name":"wp","href":"https:\/\/api.w.org\/{rel}","templated":true}]}}